858?
78
Let w(q) = 19*q + 23. Let f be w(20). Calculate the highest common factor of f and 31.
31
Let d = 4 + 1. Suppose d*z = 14 - 4. Suppose 6*k - 2*q = k + 1031, 3*k + z*q - 625 = 0. Calculate the highest common factor of k and 23.
23
Suppose -234 = -7*a + 18. Let k(f) = f**2 - 2*f - 35. Let q be k(13). Calculate the greatest common factor of a and q.
36
Suppose -4*k - 5*q + 7 = 0, 0*q + 3 = -3*q. Suppose 4*w + 3*i - 48 = 6*i, -k*w = i - 23. What is the highest common factor of 63 and w?
9
Let x(w) = -w**2 - w. Let o(m) = -m**3 + m + 1. Let i(q) = 3*o(q) - x(q). Let b be i(-2). Let z = -9 + b. Calculate the highest common factor of z and 7.
7
Let f = 328 + -184. Calculate the highest common divisor of 18 and f.
18
Let z = -66 - -71. Suppose 0 = 5*g - z*c + 27 - 172, -5*g - c + 163 = 0. What is the highest common factor of 48 and g?
16
Suppose 48 = 2*f + 4*d, -4*d = -2*f - 5*d + 57. Suppose -3*n - 46*m + 8 = -41*m, -32 = -4*n + 4*m. Calculate the greatest common divisor of f and n.
6
Let h = -4 + -5. Let n(o) = o**3 + 4*o + 9*o**2 + 2 + 9 - 3*o. Let v be n(h). What is the highest common factor of v and 4?
2
Let s be (429/715)/((-1)/(-25)). What is the highest common factor of s and 15?
15
Let n be 2/(-3)*(-5 - 1). Suppose n*l + 2*y + y - 858 = 0, 0 = 2*y + 4. Calculate the greatest common factor of 24 and l.
24
Suppose 3*x = -3*v + 21 - 9, -3*v + 6 = 0. Calculate the greatest common factor of x and 214.
2
Let x(r) = r**3 - 1. Let l(n) = -3*n**3 + 15*n**2 + 14*n + 22. Let g(m) = l(m) + 4*x(m). Let u be g(-14). What is the highest common divisor of 144 and u?
18
Let n be (-1532)/(-2) + -6 + -9 + 19. What is the greatest common factor of n and 11?
11
Let a(n) = 8*n + 18*n - 21*n - 1. Let p be a(7). What is the highest common factor of 85 and p?
17
Let z be (33 + -30)*(0 + 2 + 157). Calculate the highest common divisor of z and 18.
9
Let p(q) = q - 1. Let b(k) = -k**2 + 18*k - 15. Let c(y) = -b(y) + 5*p(y). Let s be c(16). What is the greatest common divisor of 29 and s?
29
Let n = 7 + -4. Let q(w) = w - 1 + n*w**2 - 30*w**3 + 29*w**3 - 2*w. Let c be q(2). What is the highest common divisor of c and 4?
1
Suppose 3*s - 544 = q, q + 0 - 2 = 0. Suppose -4*d + 1 = -3, -2*d = 5*u - 132. Calculate the greatest common factor of s and u.
26
Suppose -17 = 4*r - 5*r + 5*s, -31 = -3*r - 5*s. Suppose -b + d + 86 = -0*d, -b + 4*d + 92 = 0. Calculate the greatest common factor of r and b.
12
Let r(v) = 34*v - 44. Let w be r(6). What is the highest common divisor of 32 and w?
32
Let d be (-6)/((-30)/75 - (-14)/(-40)). Calculate the highest common divisor of 28 and d.
4
Let k = 2 + 7. Suppose -3*p = 19 - 10. Let v be (-2)/(p + 2) - -25. What is the greatest common factor of k and v?
9
Suppose 0 = 4*k - 2*o - 5386, 5*k = -0*k + 5*o + 6745. Let h be k/60 - 2/5. Calculate the highest common divisor of 11 and h.
11
Suppose -7*p = 20*p - 135. Calculate the greatest common factor of p and 295.
5
Suppose -4*i - 2*z = -272, 11*z + 204 = 3*i + 13*z. What is the highest common divisor of i and 408?
68
Let g(i) = -483*i + 2904. Let t be g(6). Let f = 23 + 31. Calculate the greatest common factor of f and t.
6
Suppose -2*d = -2*m - 52, 4 + 28 = d - 4*m. Suppose 18*r - 10*r - 256 = 0. What is the highest common factor of r and d?
8
Let y(w) = w**3 + 6*w**2 + 5*w - 1. Let c be y(-4). Let k(v) = 80*v + 124. Let b be k(-1). What is the greatest common factor of b and c?
11
Let f = -221 + 287. What is the greatest common factor of 1056 and f?
66
Let d = -6 - -18. Let z be (-54)/(-8) + d/48. Calculate the greatest common divisor of z and 14.
7
Let q(b) = 3*b + 32. Let v be q(-14). Let d be (12/v)/(45/(-300)). Calculate the greatest common factor of 40 and d.
8
Let o be (-2)/5 + 1168/(-80). Let q be ((-3)/3 - 2)*o. Calculate the highest common divisor of q and 10.
5
Suppose -10*s + 336 = -8*s. What is the highest common divisor of s and 294?
42
Let l = -2 - -12. Suppose -c = 2, 4*p - 3*p - 3*c = 0. Let d(v) = -v - 1. Let x be d(p). Calculate the greatest common divisor of l and x.
5
Suppose -269 = -q + 4. What is the greatest common factor of q and 39?
39
Let p(y) = -10*y**3 - y**2 - 2*y - 1. Let u be p(-1). Let k = -224 - -544. Suppose -3*b - k = -7*b. What is the greatest common divisor of b and u?
10
Let i be (1 + 2)*(-13)/(-39). Let s be i*((-15)/(-3))/5. Calculate the greatest common divisor of 15 and s.
1
Let u = 9 - 33. Let o = -22 - u. Let b(f) = -10*f. Let a be b(-1). Calculate the highest common divisor of o and a.
2
Let t = -34 - -359. Suppose p - t = -4*x, 3*x + 3*p = 238 + 17. What is the greatest common divisor of 40 and x?
40
Let u = -3130 + 3159. What is the highest common factor of u and 464?
29
Let p = 109 - 89. Calculate the highest common factor of 40 and p.
20
Let g(i) = -i**3 - 8*i**2 - 2*i - 12. Let c be g(-8). Let x be c*-22*22/(-16). What is the highest common factor of x and 11?
11
Suppose -2*q = -5*i - 6 + 28, 5*i - 16 = -4*q. Let s(r) = -21*r**3 - 3*r**2 - 3*r - 1. Let f be s(q). What is the greatest common divisor of f and 80?
20
Let o(u) = -8*u + 65. Let c be o(-7). Let b = 139 - c. Calculate the highest common divisor of b and 2.
2
Let s(g) = -g**2 + 31*g - 137. Let k be s(6). What is the greatest common factor of 39 and k?
13
Let o(m) = -m**2 + m + 640. Let p be o(0). Suppose -p = -0*g - 5*g. Let v(t) = 2*t**3 + t - 2. Let h be v(2). What is the greatest common factor of g and h?
16
Let g be (99/4)/((-3)/(-8)). Let q = g - 58. Calculate the highest common divisor of 4 and q.
4
Suppose -19*w + 16*w = -2*u - 2, u - 9 = -w. Suppose -110 = 2*z - 4*z. What is the highest common divisor of z and u?
5
Let r(s) = s**2 + 4*s + 4. Let v be r(4). Let q = 53 - v. What is the greatest common factor of 68 and q?
17
Suppose -87 = -5*d - z, -12*d + 8*d = 5*z - 78. Calculate the highest common factor of d and 7.
1
Let m(h) be the second derivative of h**5/20 - 7*h**4/6 - 5*h**3 - 14*h**2 - 28*h. Let v be m(16). What is the greatest common factor of 4 and v?
4
Suppose 5*o - 7*m = 37, 1 = o - 6*m + 3*m. Let s = 31 - -90. Suppose 5*l + 2*k + 2*k - 179 = 0, s = 3*l - k. What is the highest common divisor of o and l?
13
Let l be -3 + 3/(-1 - 90/(-85)). Let n = 30 + -18. Calculate the highest common divisor of n and l.
12
Suppose -7 = 5*u - 22. Let l be 143/11 - (1 - 0). Calculate the highest common factor of l and u.
3
Let d = -281 - -195. Let v = -82 - d. What is the highest common divisor of 12 and v?
4
Suppose 0 = 5*q - o - 0*o - 1036, -3*o + 636 = 3*q. Suppose 0 = 7*u - 27*u + 520. What is the highest common divisor of q and u?
26
Let c(r) = 32*r + 358. Let y be c(-5). Calculate the greatest common divisor of 110 and y.
22
Suppose 13*w = 12*w + 9. Let h = -12 - -21. Calculate the greatest common divisor of h and w.
9
Suppose 0*v - 128 = -4*v. Let c(y) = -2*y + 31. Let r be c(13). Suppose 276 = 2*h + r*f + 91, h - 3*f - 65 = 0. What is the highest common divisor of v and h?
16
Let g(z) = -3*z**3 - 4*z**2 - z + 2. Let c be (-12)/2*(-4)/(-12). Let s be g(c). Calculate the greatest common factor of 12 and s.
12
Suppose 125 + 495 = 4*x. What is the greatest common divisor of x and 279?
31
Let x be 8/(-44) + (-398)/(-11). Let c = 45 - x. Calculate the highest common divisor of 54 and c.
9
Let a(t) = 2*t**2 + 14*t + 7. Let i be a(-7). Let h = 17 + i. What is the greatest common divisor of 3 and h?
3
Suppose 18 = -14*a + 20*a. Let w be a - (-40)/(-30)*18/(-4). Calculate the greatest common divisor of w and 1.
1
Let n(z) = -z**2 + 4*z + 3. Let c be n(4). Suppose -c*l = -5*l + 18. Let u be 93*((-66)/l)/(-2). Calculate the greatest common factor of 31 and u.
31
Suppose 3*z - 4*l - 130 - 1519 = 0, z - 554 = -3*l. What is the highest common factor of 29 and z?
29
Let c be ((-84)/(-112))/((-1)/(-868)). Calculate the greatest common divisor of 63 and c.
21
Let n be -1 + 42 + 44 + -38. Calculate the highest common factor of n and 188.
47
Let g be (-70 + 0)/(-5)*16. What is the highest common divisor of g and 7?
7
Let m(n) = n**3 - 5*n + 3*n + 4*n + 3 - n. Let g be m(0). Suppose -v - 4*v - a + 65 = 0, 0 = g*v - 3*a - 39. What is the greatest common divisor of v and 143?
13
Let o be (-21)/28*(-4 - 0). Suppose q + 92 = o*q. Let x = q - 19. What is the greatest common factor of 13